False
Is 1645913771 composite?
True
Is 200556903659 composite?
True
Is 7638733589 a prime number?
True
Is 371618297 a prime number?
False
Is 98450489 a prime number?
True
Is 4642107719 composite?
True
Is 720985061 prime?
False
Is 27178993 a composite number?
False
Is 54693603229 a composite number?
False
Is 6840092827 a prime number?
True
Is 1381310449 a prime number?
True
Is 5139224141 composite?
True
Is 4788075043 composite?
True
Is 8866194287 a prime number?
True
Is 29162059343 composite?
False
Is 10399314819 composite?
True
Is 196718573 a composite number?
True
Is 299307277 a composite number?
False
Is 440941647 a prime number?
False
Is 9034045103 composite?
False
Is 651583391 composite?
False
Is 477493831 composite?
True
Is 83917898833 prime?
True
Is 427235162 a composite number?
True
Is 17832162577 prime?
False
Is 7253621957 a composite number?
False
Is 17862219541 composite?
False
Is 2197389307 a composite number?
True
Is 1783756435 a prime number?
False
Is 8246025949 composite?
True
Is 5488195457 a prime number?
True
Is 2449939253 a composite number?
False
Is 23456826263 composite?
True
Is 279546229 a composite number?
False
Is 2368574389 prime?
True
Is 4197820717 composite?
True
Is 282516290377 prime?
True
Is 2278696363 a composite number?
True
Is 22721327449 a prime number?
True
Is 2271299113 composite?
False
Is 82027138157 prime?
False
Is 90567616493 prime?
False
Is 75998222579 a prime number?
True
Is 76972806749 a composite number?
True
Is 250229387737 a prime number?
False
Is 3751458131 a composite number?
True
Is 10875402779 a prime number?
True
Is 127569103 a composite number?
False
Is 360923971 prime?
False
Is 15370949339 composite?
False
Is 6618194833 prime?
False
Is 7133241943 a composite number?
True
Is 4216730407 a composite number?
True
Is 646553365 a composite number?
True
Is 2511728033 composite?
False
Is 44634102167 prime?
True
Is 4734708451 composite?
True
Is 2647172947 prime?
True
Is 674121373 a composite number?
True
Is 3497019053 composite?
True
Is 1205945851 a composite number?
True
Is 10576285991 a composite number?
True
Is 7153407613 prime?
False
Is 1515652823 prime?
False
Is 79065437 a composite number?
True
Is 2014423657 a prime number?
True
Is 3879462703 a prime number?
True
Is 101699728577 a prime number?
False
Is 1137225259 composite?
True
Is 1688570089 composite?
True
Is 6130933943 composite?
True
Is 2253058754 a prime number?
False
Is 518473037 composite?
True
Is 5600504873 composite?
True
Is 161064151 composite?
True
Is 167156263 composite?
True
Is 586753757 composite?
False
Is 37309154086 composite?
True
Is 328530653917 composite?
False
Is 118658117549 a composite number?
False
Is 6331072883 prime?
True
Is 31716013939 a prime number?
False
Is 16352644487 a composite number?
False
Is 787125881 composite?
False
Is 459349019 prime?
False
Is 47593559597 composite?
False
Is 2443566151 composite?
True
Is 8472421603 composite?
False
Is 5565152083 a prime number?
False
Is 2996089793 a prime number?
True
Is 524235214 composite?
True
Is 1545437578 a prime number?
False
Is 1335521906 a composite number?
True
Is 174489815569 a prime number?
False
Is 1496794699 a composite number?
True
Is 480569623 a prime number?
True
Is 4717756777 composite?
False
Is 4414351967 composite?
True
Is 3307112803 prime?
True
Is 2724899267 a prime number?
True
Is 3759844511 composite?
False
Is 1712695142 a prime number?
False
Is 25375289341 a prime number?
True
Is 2441947423 prime?
False
Is 48095793167 a composite number?
False
Is 277059943 a composite number?
True
Is 1191060743 a composite number?
False
Is 112911316487 a prime number?
True
Is 5927767841 composite?
False
Is 610133821 prime?
False
Is 19661757281 composite?
False
Is 20936563861 composite?
False
Is 132606877471 composite?
False
Is 676910461 a prime number?
True
Is 131523321053 a prime number?
False
Is 4593799031 a composite number?
False
Is 1147538999 prime?
True
Is 875001331 a prime number?
True
Is 2351031497 a composite number?
True
Is 2764960651 prime?
True
Is 564671867 a prime number?
True
Is 172172024054 composite?
True
Is 5042543633 prime?
False
Is 5576875961 a prime number?
True
Is 2715251597 a prime number?
False
Is 16782848906 a prime number?
False
Is 19963517033 composite?
False
Is 837789187 a prime number?
False
Is 15585555686 a composite number?
True
Is 144698837779 composite?
False
Is 1560183113 a prime number?
False
Is 3096515483 a composite number?
True
Is 2306667413 a composite number?
False
Is 27658204771 a composite number?
True
Is 915352477 a composite number?
True
Is 5875340123 a composite number?
True
Is 1096998479 composite?
False
Is 903065183 a composite number?
False
Is 31419485161 prime?
True
Is 9177988649 prime?
False
Is 19926130787 a prime number?
True
Is 2734286729 a prime number?
False
Is 65984121881 a composite number?
False
Is 465359759 a prime number?
False
Is 29085456223 a prime number?
False
Is 54919092379 composite?
True
Is 653376799 a composite number?
False
Is 1690045367 prime?
True
Is 763546841 a composite number?
False
Is 30451742033 composite?
True
Is 2835647543 a composite number?
False
Is 19381081717 a prime number?
False
Is 3592002163 a prime number?
True
Is 3220919921 a prime number?
True
Is 541736837 a composite number?
False
Is 1001425591 a prime number?
True
Is 842240677 prime?
True
Is 38253624041 prime?
True
Is 86169223 prime?
False
Is 56858058709 a composite number?
False
Is 74045837 a composite number?
False
Is 5205618749 a composite number?
False
Is 787746467 a composite number?
False
Is 13517204303 a prime number?
True
Is 1903797107 a prime number?
True
Is 304399859 prime?
False
Is 3740969 a composite number?
True
Is 3636925903 composite?
True
Is 53055589813 a composite number?
True
Is 5961949829 composite?
True
Is 4159331769 a composite number?
True
Is 40782205843 a composite number?
False
Is 4294820485 composite?
True
Is 271098701 a prime number?
False
Is 13485124369 composite?
True
Is 977780351 composite?
True
Is 16557432893 prime?
True
Is 26162232937 composite?
True
Is 734775551 composite?
False
Is 136115404049 a composite number?
True
Is 88877327459 composite?
False
Is 18872183489 prime?
True
Is 60539573351 a prime number?
True
Is 16580513161 a prime number?
False
Is 904640423 composite?
False
Is 339378671 composite?
True
Is 280870160539 a prime number?
True
Is 179103287 prime?
False
Is 1947263693 prime?
False
Is 389646947 a prime number?
True
Is 98008033 a composite number?
True
Is 44626885 prime?
False
Is 6646700531 prime?
False
Is 37310113921 a composite number?
False
Is 23827857311 a composite number?
True
Is 914430497 prime?
False
Is 40601779 a prime number?
True
Is 14312061287 a composite number?
False
Is 599833121 composite?
True
Is 144629580983 a prime number?
True
Is 412002822689 a prime number?
False
Is 16391725621 a prime number?
True
Is 338152651 composite?
True
Is 6913479121 composite?
True
Is 587239514 prime?
False
Is 61676096197 a composite number?
False
Is 487108663 prime?
False
Is 29697504253 a composite number?
False
Is 3383247683 a prime number?
True
Is 124524721 composite?
True
Is 6652704533 a prime number?
True
Is 4030446358 a prime number?
False
Is 323505823 a composite number?
True
Is 2563492973 a prime number?
True
Is 45624611789 composite?
True
Is 31524091 composite?
False
Is 678108173 a composite number?
True
Is 71190023 prime?
True
Is 579998291 composite?
True
Is 504585001 composite?
True
Is 13519121051 prime?
True
Is 1219568927 composite?
False
Is 24214684699 a prime number?
True
Is 1750079621 a prime number?
False
Is 18735883 a composite number?
False
Is 21594406181 prime?
False
Is 373232147 composite?
False
Is 30085770361 composite?
False
Is 302440069 composite?
True
Is 5232522443 composite?
True
Is 232674439 composite?
False
Is 1773910657 composite?
True
Is 6592217011 a prime number?
True
Is 60405722759 a prime number?
False
Is 2987307389 composite?
True
Is 130509149401 a prime number?
False
Is 878591123 a prime number?
False
Is 1372474949 a prime number?
False
Is 3141218411 composite?
False
Is 42492331477 composite?
False
Is 11595837637 a composite number?
False
Is 27703389605 prime?
False
Is 2795084077 a composite number?
True
Is 20675849731 a composite number?
False
Is 15127616351